e 15) in base 16?
36
What is 1101 (base 2) in base 16?
d
-101 (base 3) to base 6
-14
Convert 201 (base 3) to base 2.
10011
Convert 5 (base 12) to base 6.
5
Convert -21 (base 12) to base 14.
-1b
What is 3 (base 5) in base 10?
3
2 (base 3) to base 10
2
-1010 (base 2) to base 6
-14
Convert -110 (base 3) to base 8.
-14
What is 18 (base 14) in base 11?
20
Convert -101 (base 3) to base 9.
-11
What is -89 (base 11) in base 12?
-81
Convert -10001001 (base 2) to base 13.
-a7
Convert 17 (base 16) to base 2.
10111
-48 (base 16) to base 15
-4c
1100 (base 2) to base 6
20
What is -6b (base 13) in base 16?
-59
Convert 88 (base 11) to base 7.
165
-7 (base 8) to base 10
-7
-4 (base 14) to base 6
-4
What is -202 (base 8) in base 15?
-8a
Convert 2 (base 3) to base 14.
2
What is 401 (base 7) in base 13?
122
What is 11 (base 4) in base 16?
5
What is -2 (base 4) in base 15?
-2
Convert -1111 (base 2) to base 13.
-12
-112 (base 4) to base 2
-10110
0 (base 7) to base 16
0
What is -104 (base 5) in base 11?
-27
24 (base 7) to base 2
10010
17 (base 8) to base 12
13
What is -2 (base 11) in base 14?
-2
Convert 1 (base 9) to base 13.
1
What is 110 (base 7) in base 2?
111000
What is -6 (base 16) in base 11?
-6
What is 21 (base 12) in base 4?
121
What is 6 (base 15) in base 9?
6
-3 (base 13) to base 4
-3
-233 (base 4) to base 16
-2f
What is -4 (base 7) in base 4?
-10
4 (base 7) to base 6
4
101 (base 13) to base 4
2222
Convert -44 (base 5) to base 10.
-24
Convert -7 (base 8) to base 3.
-21
Convert -21 (base 5) to base 2.
-1011
-41 (base 7) to base 12
-25
Convert 112 (base 12) to base 7.
314
What is -1 (base 10) in base 2?
-1
-3 (base 10) to base 7
-3
110110101 (base 2) to base 10
437
-8 (base 10) to base 11
-8
4d (base 14) to base 9
76
What is -1 (base 2) in base 4?
-1
-10 (base 2) to base 11
-2
What is 0 (base 12) in base 14?
0
What is 13 (base 4) in base 9?
7
Convert 87 (base 12) to base 2.
1100111
Convert 6 (base 9) to base 2.
110
What is 3 (base 5) in base 10?
3
What is -1 (base 16) in base 15?
-1
What is 2 (base 9) in base 13?
2
Convert 192 (base 12) to base 7.
512
What is 100011000 (base 2) in base 14?
160
Convert 170 (base 8) to base 9.
143
What is 3 (base 13) in base 5?
3
-4 (base 16) to base 8
-4
What is 30 (base 4) in base 11?
11
Convert -3 (base 10) to base 4.
-3
What is 21222 (base 3) in base 5?
1330
Convert 27 (base 11) to base 16.
1d
Convert 4 (base 7) to base 5.
4
What is -162 (base 13) in base 15?
-119
What is 7 (base 11) in base 14?
7
1332 (base 5) to base 3
22001
Convert -3 (base 10) to base 13.
-3
-4 (base 8) to base 5
-4
What is 463 (base 7) in base 12?
181
Convert 1 (base 9) to base 5.
1
What is 27 (base 11) in base 9?
32
-32 (base 12) to base 7
-53
31 (base 6) to base 4
103
What is 2 (base 12) in base 14?
2
-307 (base 11) to base 6
-1414
Convert -10 (base 10) to base 16.
-a
-b (base 15) to base 16
-b
What is -124 (base 5) in base 12?
-33
What is 0 (base 5) in base 6?
0
5 (base 6) to base 2
101
Convert 1001 (base 2) to base 6.
13
What is 2 (base 5) in base 2?
10
-13 (base 4) to base 15
-7
What is -152 (base 6) in base 10?
-68
0 (base 6) to base 3
0
0 (base 10) to base 12
0
Convert 143 (base 6) to base 11.
58
Convert -11010 (base 3) to base 9.
-133
What is 24 (base 5) in base 14?
10
-26 (base 9) to base 2
-11000
Convert 3 (base 16) to base 7.
3
-97 (base 10) to base 14
-6d
-34 (base 14) to base 16
-2e
Convert -1 (base 4) to base 3.
-1
-11 (base 15) to base 14
-12
What is 1332 (base 4) in base 15?
86
Convert 99 (base 11) to base 3.
11000
What is 30 (base 4) in base 7?
15
-11011110 (base 2) to base 3
-22020
What is a (base 14) in base 16?
a
Convert 1 (base 16) to base 12.
1
What is 2 (base 7) in base 3?
2
-1 (base 16) to base 5
-1
Convert -1 (base 4) to base 14.
-1
What is -3 (base 12) in base 14?
-3
What is -4 (base 10) in base 14?
-4
What is 3301 (base 4) in base 6?
1041
Convert 3 (base 16) to base 5.
3
110101 (base 2) to base 5
203
2 (base 4) to base 9
2
-104 (base 5) to base 6
-45
What is 1a6 (base 14) in base 2?
101010110
What is 52 (base 10) in base 11?
48
2 (base 7) to base 14
2
Convert -3a (base 14) to base 16.
-34
Convert -44 (base 11) to base 2.
-110000
15 (base 10) to base 7
21
Convert 5 (base 16) to base 13.
5
What is 101111 (base 3) in base 9?
344
10 (base 2) to base 13
2
Convert 52 (base 10) to base 9.
57
Convert -2 (base 16) to base 11.
-2
Convert 4 (base 15) to base 12.
4
Convert 54 (base 16) to base 11.
77
32 (base 11) to base 9
38
What is 6 (base 9) in base 12?
6
What is -28 (base 10) in base 6?
-44
What is 1 (base 13) in base 5?
1
5 (base 10) to base 16
5
-89 (base 11) to base 12
-81
What is 2a (base 12) in base 13?
28
3 (base 11) to base 6
3
-11 (base 9) to base 16
-a
Convert -1122 (base 3) to base 4.
-230
Convert 131 (base 6) to base 11.
50
-94 (base 11) to base 9
-124
What is -1 (base 13) in base 16?
-1
What is 100 (base 2) in base 13?
4
Convert -134 (base 12) to base 3.
-20211
-180 (base 9) to base 14
-ad
What is 36 (base 14) in base 9?
53
Convert -5 (base 13) to base 16.
-5
What is -1 (base 8) in base 2?
-1
Convert -2 (base 11) to base 7.
-2
Convert 4b (base 15) to base 12.
5b
33 (base 8) to base 7
36
Convert -17 (base 13) to base 5.
-40
Convert -1011 (base 2) to base 13.
-b
Convert 74 (base 9) to base 3.
2111
Convert 12 (base 11) to base 4.
31
1110111 (base 2) to base 10
119
302 (base 4) to base 7
101
What is -2 (base 8) in base 9?
-2
2 (base 10) to base 9
2
-12d (base 14) to base 7
-456
Convert 89 (base 12) to base 5.
410
-122 (base 9) to base 15
-6b
Convert -22 (base 15) to base 7.
-44
Convert 7 (base 9) to base 16.
7
8 (base 15) to base 11
8
Convert -9 (base 10) to base 9.
-10
Convert 0 (base 10) to base 12.
0
f4 (base 16) to base 2
11110100
Convert 3 (base 4) to base 16.
3
-1a (base 11) to base 13
-18
10 (base 5) to base 7
5
116 (base 13) to base 15
c8
7 (base 14) to base 3
21
What is -8 (base 15) in base 9?
-8
Convert 43 (base 5) to base 6.
35
Convert -211 (base 4) to base 3.
-1101
What is 0 (base 8) in base 12?
0
-33 (base 5) to base 3
-200
Convert 10100011 (base 2) to base 4.
2203
42 (base 9) to base 8
46
What is -110 (base 3) in base 7?
-15
-4 (base 12) to base 6
-4
244 (base 5) to base 2
1001010
Convert 25 (base 16) to base 5.
122
What is -272 (base 8) in base 9?
-226
4 (base 16) to base 8
4
5 (base 6) to base 14
5
Convert 4 (base 7) to base 11.
4
213 (base 5) to base 15
3d
Convert 101010 (base 2) to base 12.
36
What is 1a (base 11) in base 4?
111
What is -63 (base 8) in base 6?
-123
10000 (base 3) to base 15
56
Convert 23 (base 4) to base 16.
b
-2b (base 12) to base 3
-1022
What is -25 (base 8) in base 5?
-41
What is -3 (base 12) in base 4?
-3
1023 (base 4) to base 9
83
What is -4 (base 6) in base 7?
-4
Convert 5 (base 12) to base 3.
12
Convert -1011 (base 4) to base 7.
-126
What is 1 (base 13) in base 5?
1
What is -4 (base 15) in base 13?
-4
Convert a5 (base 13) to base 8.
207
What is -3 (base 6) in base 10?
-3
What is 0 (base 10) in base 7?
0
-16 (base 15) to base 11
-1a
Convert -6 (base 16) to base 10.
-6
Convert -12 (base 12) to base 2.
-1110
Convert -125 (base 8) to base 12.
-71
Convert -30 (base 4) to base 10.
-12
Convert 25 (base 6) to base 10.
17
What is 0 (base 3) in base 10?
0
-300 (base 7) to base 5
-1042
12222 (base 3) to base 8
241
14 (base 7) to base 13
b
Convert -1011 (base 3) to base 10.
-31
Convert 20 (base 15) to base 16.
1e
-30 (base 11) to base 7
-45
Convert -224 (base 6) to base 7.
-154
What is 10111101 (base 2) in base 6?
513
What is -112 (base 6) in base 14?
-32
-3 (base 6) to base 14
-3
9 (base 13) to base 3
100
131 (base 12) to base 7
346
What is 1111101 (base 2) in base 8?
175
5 (base 13) to base 5
10
30 (base 9) to base 5
102
What is 41 (base 12) in base 16?
31
What is -14 (base 7) in base 12?
-b
What is -24 (base 10) in base 3?
-220
What is -35 (base 6) in base 13?
-1a
What is -1010010 (base 2) in base 14?
-5c
What is 4 (base 16) in base 4?
10
Convert -6 (base 13) to base 12.
-6
Convert -236 (base 10) to base 9.
-282
Convert -2202 (base 3) to base 10.
-74
What is 150 (base 12) in base 15?
d9
-114 (base 16) to base 6
-1140
What is 100 (base 2) in base 13?
4
What is -34 (base 8) in base 4?
-130
Convert -16 (base 11) to base 14.
-13
What is 13 (base 5) in base 10?
8
What is 211 (base 3) in base 